 v*x. What is the units digit of m?
6
Suppose 5*p - 215 = g, 4*p = -p - 3*g + 235. Suppose -35*c + 46*c - 33 = 0. Suppose -c*r + p = r. What is the units digit of r?
1
What is the units digit of ((-2)/(-4))/((-85)/(-533290))?
7
Let a(h) = -24*h - 52. What is the tens digit of a(-8)?
4
Let n(c) = -2*c - 18. Let m be n(-9). Let u be 0*((-1)/(-2) - m). Suppose u = 5*a + 5 - 210. What is the tens digit of a?
4
Let o = -284 - -1150. What is the hundreds digit of o?
8
Let o = -241 - -502. Let w = o - 155. What is the tens digit of w?
0
Suppose 0 = 17*g + 2220 - 13151. What is the tens digit of g?
4
What is the units digit of (4 - 182/21)*58356/(-42)?
4
Let p(h) = -2*h + 1 - 2 + 5*h. What is the units digit of p(3)?
8
Suppose 0*v + 12 = 2*v. Let c be -2*((-25)/(-10) + -5). Suppose -v*i = -c*i - 1. What is the units digit of i?
1
Suppose 2*s = -s - 12. Let p(t) = -2*t - 4. Let c be p(s). Suppose 4 = -4*u, 3*y - 4*u = c*y - 13. What is the tens digit of y?
1
Let t = 9 + -11. Let i(y) = -5*y**3 - 5*y**2 - 7*y - 5. What is the units digit of i(t)?
9
Let w(m) = -m**2 + 16*m - 16. Let v be w(12). Suppose -2*d - 2*n = -84, 5*n - v = -d + 2*n. What is the units digit of d?
7
Suppose 2*y = 2*j - 877 + 257, -3*y = 5*j - 1566. What is the hundreds digit of j?
3
Let u(i) = -i**2 + 2*i + 2. Let p(s) = -s**3 + 12*s**2 - 10*s - 13. Let j be p(11). Let g be u(j). Let a = g + 19. What is the units digit of a?
3
Let i = 48 + -45. Suppose i*z = 58 + 71. What is the units digit of z?
3
Let l be (206/(-6))/(16/(-96)). Suppose l = 2*g + 4*m, 224 + 125 = 3*g - 4*m. What is the units digit of g?
1
Let l be (-98)/3 - 18/(-27). What is the units digit of l/6*-9 - 3?
5
Let k be 5/(-20) - (8314/(-8) + 1). Suppose 0 = 9*f - k - 249. What is the units digit of f?
3
Let q = 2 - 9. Let r be 2/q - 510/(-21). What is the units digit of r/((-6)/(-3)) + -2?
0
Suppose o - 4395 = -5*q, 2*o + 14 = 24. What is the units digit of q?
8
Suppose 2*a + 4*s - 70 = 0, -s = 5*a - 23 - 143. Suppose -2*h = 1 - a. Let y = -5 + h. What is the units digit of y?
1
Suppose -30*x = 11*x - 79745. What is the thousands digit of x?
1
Suppose 2*o - 1 - 5 = 3*q, 4*o = -2*q + 12. Let k(u) = 8 + 5*u**2 - 4*u**2 + u + 0. What is the units digit of k(q)?
8
Suppose 24 = 3*h - 27. Suppose 3*w - 5*d + 24 = -10, 4*d = -w + h. What is the units digit of (-4 + 16)*(-2)/w?
8
Suppose 8550 = 7*q + 3*q. Suppose -5*y - 3*f = -q, 94 = 5*y + 4*f - 756. What is the units digit of y?
4
Let y(c) = 3 + 3*c - 2*c**3 + c**3 - 8. Let g(n) = 2*n**3 - n**2 - 6*n + 11. Let r(q) = -4*g(q) - 9*y(q). What is the units digit of r(-4)?
3
What is the hundreds digit of 246*17/5 - 12/30?
8
Let g = 863 - -521. What is the tens digit of g?
8
Let u = 6 - 7. Let g be (-1)/(-1)*u*-5. Suppose -m = -2*m + g. What is the units digit of m?
5
Let k = 6207 - 4222. What is the hundreds digit of k?
9
Let o be (6/(-12))/((-1)/18*-3). Let f(a) = 116*a**2 + 3*a. Let j be f(3). What is the tens digit of ((-1)/o)/(9/j)?
3
What is the hundreds digit of (-4)/(((-48)/321)/4)?
1
Let r = -5 + 10. Suppose 11 = 4*h + u, 9 + 4 = r*h + 2*u. Suppose -84 = -3*t - h*w, 2*t = 3*t + 2*w - 32. What is the tens digit of t?
2
Suppose 4*r + 0*r + 2742 = 5*x, 10 = 5*r. What is the hundreds digit of x?
5
Suppose -69*l + 68*l + 5*b + 2265 = 0, 2*l + 5*b = 4515. What is the units digit of l?
0
Suppose 4*d - 5*w = 27, 15 = d - 5*w - 3. Suppose 5*r = -4*o + 765, -d*r = 2*o - o - 459. What is the units digit of r?
3
Let o = 37 + -26. Suppose o*t = 8*t + 402. What is the hundreds digit of t?
1
Suppose 12 = -2*a - 4*a. Let f be (2 - a) + 11 + 0. What is the tens digit of (-1)/2*(-91 + f)?
3
What is the units digit of (-6)/21 + 11852/28?
3
Suppose -48*v = -45*v - 8454. What is the hundreds digit of v?
8
Let i = 649 + 1600. What is the tens digit of i?
4
Let z = -143 - -222. Suppose -5*n + 121 + z = 0. What is the tens digit of n?
4
Let f be (-99)/12 + 7/28. Let n(k) = -k**2 + 12. Let c be n(0). Let v = c + f. What is the units digit of v?
4
Let a = 90 + -53. Suppose w + 3*s = 58, 0*w - w + a = -4*s. What is the tens digit of w?
4
Let w = 47 + -3. Suppose -4*g + 3*u = w, g + 5*u - 17 = -5. What is the units digit of -2*2/(-4) - g?
9
Suppose 50*x - 40*x = 48370. What is the units digit of x?
7
Suppose 144096 = 38*g - 0*g. What is the thousands digit of g?
3
Let s(o) = 8*o - 5. Let l(n) = 1 + n**2 + 3 - 2*n**2 + 4*n. Let i be l(4). What is the tens digit of s(i)?
2
Let k = 57 + -53. Suppose -k*i + 8*i - 912 = 0. What is the tens digit of i?
2
Suppose v + 60 = -4*v. Let k be -18*(16/v + 1). Let t(s) = s**3 - 5*s**2 + 4*s - 15. What is the tens digit of t(k)?
4
Let v(j) = -9*j**3 + 15*j**2 + 26*j + 16. Let w(y) = 4*y**3 - 8*y**2 - 13*y - 8. Let s(h) = -3*v(h) - 7*w(h). What is the units digit of s(12)?
0
Let x = -11 - -19. Let b = -46 + x. What is the tens digit of (b/(-8))/(7/28)?
1
Let y(t) = t**3 - 5*t**2 + 5*t - 6. Let f be y(4). Let v be 5/5*(-6)/f. Suppose 3 = v*n - 9. What is the units digit of n?
4
Let c be ((-3)/(-6))/(2/36). Suppose 0 = 4*s - c*s + 10. Suppose -s*u + 6 = k, 4*k - k = 3*u. What is the units digit of u?
2
Let p(z) = z**3 - 19*z**2 + 21*z - 36. Let k(v) = v**2 - 9*v - 18. Let q be k(12). What is the units digit of p(q)?
8
Let i(f) = -11*f**3 - f**2 + 2*f + 7. Let g = 28 - 30. What is the tens digit of i(g)?
8
Let l(z) = -3*z + 4. Let a be l(-3). Let h(t) be the third derivative of t**6/120 - 13*t**5/60 + 19*t**3/6 + t**2. What is the tens digit of h(a)?
1
Let r(h) = 9*h - 66. Let d be r(7). What is the units digit of 25/(-2)*-12 - (-1 - d)?
8
What is the thousands digit of (2128/448)/((-1)/(-464)*2)?
1
Let i = -4 - -8. Let f be i/((-36)/21)*3. Let m = f - -17. What is the units digit of m?
0
Let s be -3 - (2 + -1 - 0). Let w(n) be the first derivative of -3*n**2 - n + 3. What is the units digit of w(s)?
3
Let t(j) = j**3 + 12*j**2 + 7*j + 5. Let r(u) = 2*u**2 - 24*u - 11. Let x be r(12). What is the tens digit of t(x)?
4
Suppose -148*l = -144*l - 10040. What is the tens digit of l?
1
Let w = 175 - -331. What is the units digit of w?
6
Let t = 89 + -133. What is the tens digit of (-41 - t) + 60 + 1*-1?
6
Let b be -2*(0 + -1)*7/7. What is the tens digit of 1/b + 1572/24?
6
Let j be -4 - (-3)/((-6)/10). What is the tens digit of (-300)/8*12/j?
5
Suppose 57 = -3*a + 3*v - 7*v, 27 = -2*a + v. Let r = 17 + a. Let n = r - -25. What is the tens digit of n?
2
Let m = 647 - 362. What is the tens digit of m?
8
Suppose -3*m = -4*i + 1777, 4*i + 4*m - 1759 = m. What is the hundreds digit of i?
4
Let i(w) = 52*w - 14. What is the hundreds digit of i(3)?
1
Let z(v) = v**2 - 6. Let b be z(3). Suppose -10*s + 35 = -b*s. Suppose -2*h - 5*k + 8 = -3*h, 2*k - 41 = -s*h. What is the units digit of h?
7
Let v be 2/(-6) + (-1730)/(-15). Let z = 203 - v. What is the tens digit of z?
8
Suppose -48 = -78*z + 77*z. Suppose 560 = 8*f - z. What is the tens digit of f?
7
Let d = 2505 + -1628. What is the hundreds digit of d?
8
Let l = 4929 + -1802. What is the units digit of l?
7
Let u(n) = -18*n + 31. What is the hundreds digit of u(-36)?
6
Suppose 2*g - 28 = 4*g. Suppose -18*r - 98 = -4*r. What is the units digit of g/r*(1 - -13)?
8
Let t(q) = -7*q - 22 - 6*q - 7*q + 2*q. What is the units digit of t(-13)?
2
Suppose -7*q + 3*q = -72. Suppose 0 = 6*h - 24 + 12. Suppose s = 3*u - 49, h*u - 3*s - 17 = q. What is the units digit of u?
6
Suppose 0 = -5*q + 4 + 6. Suppose 2*u = 3*y + y - 986, q*u = -3*y + 757. What is the tens digit of y?
4
Let k = -45 + 17. Let g be 4/(-3)*(k + 1). Suppose -3*n + 33 = -g. What is the tens digit of n?
2
Let j(m) = m - 1. Let x be j(3). Suppose x*y + 3*i + 66 = 0, 3*y + 131 = -2*y + i. What is the tens digit of 9/y + 140/6?
2
Let m = 11 + -8. Let t = -3 - m. What is the tens digit of (-1 - 21)*3/t?
1
Suppose 10500 = 3*v + i, 0 = 4*v + i + 3*i - 14008. What is the thousands digit of v?
3
Let c(b) = 1364*b - 69. What is the tens digit of c(2)?
5
Let k = 16 + 7. Let x(j) = 13*j - 75. What is the tens digit of x(k)?
2
Let g be 6 + -4 + (-9)/(-3). Suppose 0 = 3*n - g*n + 154. What is the tens digit of n?
7
What is the hundreds digit of (-1 - 66/4)*-10?
1
Let j = -9 + 11. Let m(n) = -n + 3. Let f be m(3). Suppose -j*w + 14 + 48 = f. What is the units digit of w?
1
Suppose 